 What is the greatest common factor of v and 10?
10
Let u(k) = -9*k**2 - 7*k - k**3 + 2*k**2 - 3*k**2 - 12. Let z be u(-10). Let l = 94 - z. What is the greatest common factor of l and 90?
18
Let v be (-1 - -14)/1 - 1. Suppose c + 41 = 5*f, 0*f + 4*c = -2*f + v. Suppose -u + f = -17. What is the highest common divisor of u and 5?
5
Suppose 4*s - 66 = 18. Calculate the greatest common divisor of s and 42.
21
Let a(m) = m**3 + 4*m**2 - m - 2. Let t be a(-4). What is the greatest common factor of t and 22?
2
Suppose 0 = -5*u - 2*f + 8 - 2, 0 = -2*u + 5*f + 14. Calculate the highest common divisor of u and 10.
2
Let j be 14/3 + (-2)/3. Suppose 0*b = -j*b + 20. Let w(r) = 6*r**2 + r. Let v be w(-1). Calculate the highest common factor of b and v.
5
Suppose -3*p = 2*p - 80. Let n be ((-4)/(-5))/(2/10). What is the greatest common divisor of p and n?
4
Suppose f = 5*f + 2*x - 94, 3*x - 36 = -f. Let p be (-56)/(-6) - 7/f. What is the greatest common divisor of 1 and p?
1
Suppose 4*q - c = 15, 2*q = q - c + 10. What is the greatest common factor of 2 and q?
1
Let n be 204*1/((-4)/(-2)). What is the highest common factor of 34 and n?
34
Let z be (-6 - -2)/((-2)/4). Suppose 0 = -5*b + 2 + 13, -4*s = -4*b - 148. Calculate the greatest common factor of s and z.
8
Let x = 7 + -9. Let h(d) = -14*d**2 - 3*d - 2. Let v be h(x). Let m = 102 + v. Calculate the highest common factor of m and 10.
10
Suppose z + 8 = 3*z. Suppose -z*b - 2*u = -2, 5*b - 4*b = 2*u - 12. Let r be (-10)/(-1)*(-1)/b. Calculate the highest common factor of r and 2.
1
Let d(l) = -2*l - 13. Let b be d(-8). Suppose -4*j = -2*w + 13 + 5, 0 = 3*w + b*j - 18. What is the greatest common factor of 63 and w?
7
Suppose 0 = -5*a + 3*r + 35, -5*a - 10 + 70 = 2*r. Calculate the highest common divisor of 10 and a.
10
Let d(c) = -c + 14. Let u be d(11). What is the greatest common factor of 12 and u?
3
Let u(a) = 2*a - 1. Let k be u(-5). Let o = 35 + k. Calculate the highest common divisor of o and 96.
24
Suppose -40 = -2*q - 4*p, -4*p + 25 + 29 = 3*q. Calculate the highest common factor of 112 and q.
14
Let d be ((-2)/(-4))/(2/(-64)). Let b = d - -61. Suppose -5*u = -5*j + 125, -j + 6*j + u = 155. Calculate the greatest common factor of b and j.
15
Suppose -2 = 2*a - 40. Calculate the highest common divisor of 57 and a.
19
Let y(i) = i**3 - 8*i**2 - 9*i. Let u be y(9). Suppose u = -6*d + d + 2160. Suppose d = f + 3*f. What is the greatest common divisor of 12 and f?
12
Let h(b) = -b**2 + 11*b - 10. Let i be h(10). Let f(l) = -l**2 - l + 16. Let u be f(i). Calculate the greatest common factor of 2 and u.
2
Let i = -163 - -295. What is the highest common factor of i and 12?
12
Let f = 12 - -1. Calculate the highest common factor of f and 39.
13
Suppose 3*r + 2*f + f - 45 = 0, 5*r = 5*f + 85. Calculate the greatest common factor of 32 and r.
16
Let r = 29 - 25. What is the greatest common factor of r and 4?
4
Let b = 16 - 14. What is the highest common factor of b and 1?
1
Suppose 0 = -2*h + 8, 4*p - h - 5 = -1. Suppose 4*u + 3*b - 20 = 0, -4*b = u - 3 - p. Let m = u + -4. What is the greatest common factor of 10 and m?
1
Let t be (51/(-5))/(1/(-15)). Calculate the highest common factor of 17 and t.
17
Let h = 39 - 34. Calculate the highest common factor of 25 and h.
5
Suppose -q = -4 + 24. Let m be (-5)/(q/8) + -1. What is the greatest common factor of 8 and m?
1
Let k(b) = b**3 + 9*b**2 + b + 13. Let u be k(-9). What is the greatest common divisor of u and 20?
4
Let q = -8 - -12. Suppose 28*z - 4 = 23*z - 2*j, 2*z - 2*j = 10. Calculate the greatest common factor of q and z.
2
Suppose 2*j = 4*z - 98, 2*z + 3*j + j = 44. What is the highest common factor of z and 4?
4
Suppose 84 + 276 = 5*u. Calculate the greatest common divisor of u and 27.
9
Let h = 402 + -246. Let v = h - 93. What is the highest common divisor of 9 and v?
9
Suppose -n + 3*n = 252. What is the greatest common factor of 18 and n?
18
Let v be (48/60)/((-1)/(-40)). Calculate the highest common factor of v and 8.
8
Let q be 70/(-21)*3/(-2). Suppose -q*m = -289 + 64. What is the highest common factor of m and 5?
5
Suppose 0 = 4*p - 19 - 173. What is the highest common divisor of p and 12?
12
Let k(s) = 2*s - 43. Let q(m) = m - 22. Let r(u) = 2*k(u) - 5*q(u). Let w be r(0). Calculate the highest common factor of 60 and w.
12
Suppose -3*u = 4*r - 51, 0 = 3*r - 12*u + 8*u - 57. What is the highest common factor of r and 15?
15
Let g be ((-2)/4)/((-3)/24). Suppose 2*a = -3*j + 88, -3*j + 8*a - 3*a = -116. What is the highest common factor of j and g?
4
Let y(x) = -x**3 - 9*x**2 + 10*x - 5. Let g be y(-10). Let v(w) = w + 3. Let t be v(g). Let u be t/(-1)*-1*-6. What is the highest common factor of 4 and u?
4
Suppose -104 = -3*w + 136. Let q = 547 + -515. What is the highest common divisor of q and w?
16
Let u = -12 + 24. Calculate the highest common factor of 36 and u.
12
Suppose 0 = -3*m + 4 + 8. Suppose 0 = 2*i + i - 4*p + 6, 0 = -i + 3*p - 7. Suppose -i*g + 6 = m. Calculate the greatest common factor of 1 and g.
1
Suppose 2*s - 4*k = 1 - 3, -3*k + 7 = 4*s. Let a = s + 5. Let y = a - -9. Calculate the greatest common factor of y and 15.
15
Let c = 27 - 65. Let h be (-1)/2 - c/4. What is the highest common divisor of 1 and h?
1
Let k(p) = p - 9. Let o be (-2)/(-7) - 75/(-7). Let w be k(o). Calculate the highest common divisor of w and 22.
2
Let w = 66 + -46. Calculate the greatest common factor of w and 40.
20
Let h be (63/(-12))/((-6)/32). What is the greatest common factor of h and 4?
4
Let r = 4 - 5. Let n be r/((-6)/4)*48. Calculate the highest common divisor of 8 and n.
8
Let p(t) = 26*t + 3. Let m be p(3). Let i = 52 - 43. What is the highest common factor of m and i?
9
Let v be -1*(-2)/4*-106. Let g = -40 + -61. Let y = v - g. What is the greatest common factor of 12 and y?
12
Let d(y) = 5*y**2 + 19*y - 6. Let b be d(-5). Let w = 201 - 141. Calculate the greatest common divisor of b and w.
12
Let t be (4 + (-66)/12)*-10. Calculate the greatest common divisor of t and 3.
3
Suppose 80 = 5*r + 6*l - l, -2*r = l - 30. Let w(a) be the first derivative of a**2/2 - 4*a + 2. Let f be w(6). Calculate the highest common factor of r and f.
2
Let f(l) = l**2 + 1. Let i(j) = j**2 + 5*j - 2. Let a(h) = -2*f(h) + i(h). Let o be a(3). Let b = -9 - -14. Calculate the highest common divisor of b and o.
1
Let p(z) = 2*z + 1. Suppose 0 = 4*i - 4*t - 4, 5*i - 2 = -3*t + 11. Let m be p(i). Calculate the greatest common factor of 35 and m.
5
Let f(u) = -4*u + 2. Let a be f(-4). Suppose -3*c = -3*m + 51, 3*m - c + 6*c = 59. Let q be (m/(-1))/(-7 + 5). Calculate the greatest common divisor of q and a.
9
Suppose q - 42 = -3*u, u = -3*q + 2*q + 44. What is the greatest common factor of q and 18?
9
Let g(a) = a**2 + 8*a - 5. Let h be g(-7). Let r = 18 - h. What is the highest common divisor of r and 20?
10
Suppose 6*f = 2*f + 76. What is the highest common factor of 57 and f?
19
Let x be 30/4*(0 - (-30)/9). Calculate the highest common divisor of x and 175.
25
Suppose -l + 6*l = 15. Let p be l*((-2)/(-3) + 3). Let r(v) = -v**3 + 11*v**2 + v + 14. Let h be r(p). Calculate the highest common divisor of 50 and h.
25
Let n(z) = z**2 + 2*z + 6. Let x be n(-6). Suppose 3*c + 9 = 6*c. Suppose -v = -2*l - 16, 4*v + 2*l = c*v + 24. Calculate the greatest common factor of x and v.
10
Let f be 29 + (-14)/21*(-3)/(-2). Calculate the greatest common divisor of 308 and f.
28
Let m = 145 + -81. Suppose 3*s - 62 = m. What is the highest common divisor of 14 and s?
14
Suppose 0 = -5*w - 146 + 246. Calculate the highest common factor of 20 and w.
20
Let z be 0/(3 + -1) + (-9)/(-3). What is the greatest common divisor of 15 and z?
3
Let v(l) = -l**3 + 12*l**2 - 22*l + 6. Let m be v(9). What is the highest common factor of 34 and m?
17
Let f = -4 - -2. Let h be -1 + 0 + (-34)/f. What is the greatest common factor of h and 4?
4
Let n(r) = r**2 - 8*r - 6. Let g be n(9). Suppose -2*z - 2 = -g*l, -6 = z - 3*l - l. Let p = -20 - -28. Calculate the greatest common divisor of z and p.
2
Let v(d) = 7*d**2 - 3*d - 4. Let f be v(-4). Let q(c) = c**3 + c**2 - c + 30. Let r be q(0). Calculate the greatest common factor of f and r.
30
Let r be (-17)/(-5) + 2/(-5). Let w = -147 + 174. What is